y j?
4
Let y be (-26)/(-4) + 2/(-4). Suppose -n + y*n - 20 = 0. Let o(w) = w + 4. Calculate the remainder when o(6) is divided by n.
2
Let m(j) = -4*j - 1. Let i(p) = -p**3 + 2*p**2 + 2*p. Let c be i(3). What is the remainder when 30 is divided by m(c)?
8
Suppose 5*y - 3390 = 570. Let p be (-2)/7 + y/28. Suppose -p = -l - l. Calculate the remainder when 26 is divided by l.
12
Let h = 7 - 1. Suppose 2*m - h = -3*o - 2*m, m = 2*o - 4. What is the remainder when 11 is divided by (-20)/(-6) - o/(-3)?
3
Let a be (2 - -1) + 44/4. Suppose -4*f = -74 - a. Calculate the remainder when f is divided by 6.
4
Let t(r) = 2*r + 2. Suppose -2*g + 18 = -2*o, 9 = -g - 5*o - 6. Suppose -105 = -12*w + 9*w. What is the remainder when w is divided by t(g)?
11
Let c(v) = v**2 + 14*v - 12. Let l be c(-14). Let f = 16 + l. What is the remainder when 13 is divided by f?
1
Suppose 4*q - 5*o - 30 = 0, 8 = 3*o + 2. What is the remainder when 79 is divided by q?
9
Suppose 5*i = 5*g - 4*g - 20, g = 3*i + 14. Suppose -4*u + 16 = -4*a, 0 = g*u - a - 3*a - 25. Let f = 4 + -1. What is the remainder when u is divided by f?
0
Suppose 9*y - 24 = 7*y. Calculate the remainder when y is divided by 3.
0
Let g(k) = k**3 + 2*k**2 - 7*k - 2. Let d be g(-6). Let f = 153 + d. Calculate the remainder when f is divided by 17.
15
Let g(u) be the third derivative of 11*u**6/120 - 2*u**2. Let b be g(2). Suppose -4*n + s + b = 0, -4*s = -2*s. What is the remainder when n is divided by 8?
6
Let v(k) = 12*k - 14. Calculate the remainder when v(10) is divided by 27.
25
Suppose -25*q + 28*q = 75. Calculate the remainder when q is divided by 7.
4
Calculate the remainder when ((-1041)/(-12))/(14/56) is divided by 14.
11
Suppose f - 15 = -0*f. Let w = f + -4. What is the remainder when 42 is divided by w?
9
Let b = 0 + 3. Let o = 9 - b. Suppose 40 = -2*a + 6*a. What is the remainder when a is divided by o?
4
Let d = 11 - -7. Suppose 3*t - d = -o, t + t = -3*o + 68. What is the remainder when o is divided by 9?
6
Suppose -l = 3*x - 9, -5*l + 15 = -x + 6*x. Suppose -x*y = -18 + 63. What is the remainder when 5 is divided by 6/5*y/(-6)?
2
Suppose 6 = -3*t + 4*y - 0*y, 4*y - 16 = -2*t. Suppose t*b = 4*w - 0*b - 30, -4*w + 34 = 2*b. Calculate the remainder when 23 is divided by w.
7
Let t = -136 - -156. What is the remainder when 39 is divided by t?
19
Let q(m) = m**3 - 7*m**2 + 4*m + 2. Let w be q(7). Suppose 4*k + y - w = 0, 0*y + 32 = 3*k - 4*y. What is the remainder when 23 is divided by k?
7
Let k(z) = -2*z - 5. Let p(d) = 2*d**2 + 4*d + 4. What is the remainder when p(-3) is divided by k(-4)?
1
Let q(l) = 3*l + 8*l**2 - 7 - 3*l - 4*l - l**3. Suppose r - 2*r = 2, -4*r = -4*y + 32. Calculate the remainder when q(y) is divided by 14.
13
Let h(d) = -d**3 + 11*d**2 - 6*d - 4. Let i be h(10). Suppose -4*s = 12 - i. Calculate the remainder when 11 is divided by s.
5
Let j(l) = -l**3 - 8*l**2 - 10*l - 6. Suppose 6 = 3*h - 4*r + 19, 4*h + r = -49. Let m = h - -54. What is the remainder when m is divided by j(-7)?
13
Let f(u) = -u**3 + 9*u**2 - 9*u - 6. Let q be (-8)/28 + 94/(-14). Let a be 0 - (q - 0/1). Calculate the remainder when f(a) is divided by 15.
14
Let n be (-28)/((-3)/(-4) - 1). Let q = -54 + n. Suppose 0*d = 2*d - q. Calculate the remainder when d is divided by 10.
9
What is the remainder when 48 is divided by -2 + 10/6*9?
9
Suppose 30 = 7*w - 2*w. What is the remainder when 280/w + (-26)/39 is divided by 12?
10
Suppose -3*j + 31 = 2*p, -p + 0*p = j - 18. Calculate the remainder when p is divided by 8.
7
Suppose -2*m - 3*m + 120 = 0. Suppose -4*k = -m - 12. Calculate the remainder when k is divided by 6.
3
Suppose -10 = -2*f, d + d - f = 45. Calculate the remainder when 73 is divided by d.
23
Suppose 0 = -2*u + 2*j + 2*j + 32, -13 = -u - j. Suppose -c - u = -2*c. Calculate the remainder when 26 is divided by c.
12
Calculate the remainder when 2/(-7) - 324/(-7) is divided by 12.
10
Suppose 5*v = -i + 24, -3*v - i + 32 = 4*i. Suppose 3*c - v = -c. Calculate the remainder when 8 + (-3)/1 - 3 is divided by c.
0
Suppose -31 + 3 = 2*i. Let w = -7 - i. Let b = 37 + -17. What is the remainder when b is divided by w?
6
Let y = 28 - 25. What is the remainder when 10 is divided by y?
1
Suppose 0 = -4*o + 54 + 50. Calculate the remainder when o is divided by 14.
12
Suppose 8*n - 3*n = 55. Let g be (36/(-10))/(4/(-10)). Let m(l) = 4*l - 4. Calculate the remainder when m(g) is divided by n.
10
Suppose 3*l + 2*u = 98, 5*l - 121 = 5*u + 84. What is the remainder when l is divided by 13?
10
Let s be (-1 + 0/2)*1. Let p = s - -8. Let r(b) = 2*b + 1. Calculate the remainder when r(6) is divided by p.
6
Suppose -4*m + 51 = -65. What is the remainder when m is divided by 16?
13
Let o(c) = -c - 7. Let x be o(-6). What is the remainder when 3 + 0 + 40 + x is divided by 11?
9
Let x(u) = u**3 + u**2 - u - 2. Suppose -4*j + 3*g = -17, -j + 0*g - 5*g - 13 = 0. Calculate the remainder when x(j) is divided by 3.
2
Suppose 3*b - 5 - 7 = 0. Suppose -4*i - 13 - b = -d, -5*i + 2*d = 25. What is the remainder when i*3/(-27)*174 is divided by 15?
13
Let f(s) = -s**3 - 5*s**2 - 4*s + 4. Let r be f(-4). Suppose r*l - 7*l = 3*n - 12, 20 = -4*l. Calculate the remainder when 34 is divided by n.
7
Let f = -80 - -146. Let c = -28 + f. Calculate the remainder when c is divided by 20.
18
Let s = 7 - 4. Suppose 2*x - s*x + 4 = 0. What is the remainder when 11 is divided by x?
3
Suppose 0*n = -n - 3*z - 15, 2*n = 5*z + 25. Suppose n = -3*l + 5*l - 10. Suppose 274 = l*u + 54. What is the remainder when u is divided by 15?
14
Suppose 3*t + 3 = 24. Suppose 10 = -2*n - 4. Let i(z) = -z + 5. Calculate the remainder when i(n) is divided by t.
5
Let x be 0*1*2/(-4). Suppose x = 2*v - 27 + 3. Let b(f) = f**2 + 4*f - 219. What is the remainder when b(14) is divided by v?
9
Calculate the remainder when 18 is divided by 2/(-9) + 276/27.
8
Let w(i) = -39*i - 15. What is the remainder when w(-3) is divided by 21?
18
Let j(m) = 17*m**2 + 2*m - 1. Let i be j(-2). Suppose 3*n + 15 = i. Suppose c - 19 = -3*x, -3*x - 4*c = -x - n. Calculate the remainder when 10 is divided by x.
4
Let h be (-467)/4 + (-1)/4. Let b = h + 73. Let r = -31 - b. What is the remainder when r is divided by 7?
6
What is the remainder when 23 is divided by 1 + -5 + (-121)/(-11)?
2
Let u be (4/5)/(6/(-165)). Let q = -3 - u. Calculate the remainder when q is divided by 5.
4
Suppose 2*x + 2 = 0, -4*x + x = -5*z + 393. Calculate the remainder when z is divided by 20.
18
Suppose 2*k - 234 = -k. What is the remainder when k is divided by (-40)/3*(-6)/4?
18
Let y(a) = -9*a + 4. Calculate the remainder when y(-3) is divided by 12/(-10)*(-80)/6.
15
Let c(m) = -12*m + 8. Let t be c(4). Let j = t - -104. Calculate the remainder when j is divided by 17.
13
Let r(b) = -b**3 + 7*b**2 + 32*b - 6. What is the remainder when 42 is divided by r(10)?
0
Let x = -32 - -79. Calculate the remainder when x is divided by 12.
11
Let o = -68 + 163. Calculate the remainder when o is divided by 14.
11
Suppose 62 = d - 3*p, -d - 5*p = -18 - 44. What is the remainder when d is divided by 13?
10
Suppose -42 = -2*x + 3*y, y = 4*x - 29 - 35. Suppose 5*b + 72 - 577 = 0. Suppose 3*g - b = 28. What is the remainder when g is divided by x?
13
Let n = 20 + -17. What is the remainder when 5 is divided by n?
2
Let r = 9 - 5. Suppose r - 13 = -c. Calculate the remainder when c is divided by 3.
0
Suppose -4*f + 2*a = -0*a - 294, 0 = 3*f + a - 228. Let r = -20 + 46. What is the remainder when f is divided by r?
23
Let f = -17 + 19. Let m = 9 + -5. What is the remainder when m is divided by f?
0
Suppose 49 = 4*v - 47. Suppose -5*l + 66 - 1 = 0. Calculate the remainder when v is divided by l.
11
Suppose -3*s + 48 = s. Suppose 3*y - 15 = s. What is the remainder when 16 is divided by y?
7
Let a(u) = -9*u - 1. Let i(j) = -j**2 + 20*j + 3. What is the remainder when i(16) is divided by a(-2)?
16
Suppose 5*v + 50 = 3*l, 0*v + 2*v = -4*l + 58. What is the remainder when 58 is divided by l?
13
Let j(v) = v**3 + 9*v**2 + 5. Let x be j(-9). Suppose -u = -x*u + 132. Calculate the remainder when 32 is divided by -3*(-2)/(18/u).
10
Suppose -4*l = -81 + 17. Calculate the remainder when 546/9 + 1/(-6)*-2 is divided by l.
13
Suppose 3*l = -